5, 31
Let c(p) = -p**3 + 8*p**2 - 8*p - 5. Let x be c(6). Suppose 3*h = x + 122. Suppose -7*z + 6*z + h = 0. What are the prime factors of z?
47
Let c(i) = 73*i + 8. Let l(r) = r + 1. Let k(q) = -c(q) + 2*l(q). Let j be k(2). Let h = -102 - j. What are the prime factors of h?
2, 23
Suppose -4*j + 60 - 8 = 0. Suppose j*p - 12*p = 61. List the prime factors of p.
61
Suppose -6*v - 290 = -11*v. Let w = 107 - v. What are the prime factors of w?
7
Let k(o) = o - o + 38 - o**3 - o**2. Suppose -5*x = -z + 25, -15 = -0*z - 4*z + 3*x. List the prime factors of k(z).
2, 19
Suppose -9*h = -10*h + 43. Suppose 2*f + 3*w = -4 + 67, -h = -2*f + w. What are the prime factors of f?
2, 3
Let a(f) = f + 2. Let m be a(0). Suppose 5*p - 153 = m*p. Let y = p - -3. What are the prime factors of y?
2, 3
Let s(q) = -5*q**2 - 12*q + 13. Let o(c) = 4*c**2 + 11*c - 12. Let x(a) = -6*o(a) - 5*s(a). What are the prime factors of x(13)?
2, 7
List the prime factors of (-6)/(-15)*2845/2.
569
Suppose 5*r + 5 = -5. Let y be (2 - 3)/(r/72). Suppose y = -4*z + 8*z. What are the prime factors of z?
3
Let m = -156 + 141. Let i = 61 + m. List the prime factors of i.
2, 23
Let n(m) = 2*m**2 + 2*m - 19. Let q(u) = -u**3 + 12*u**2 - 12*u + 17. Let i be q(11). List the prime factors of n(i).
5, 13
Let i = 16 + -10. Suppose -192 - 276 = -i*r. List the prime factors of r.
2, 3, 13
Suppose 6*n - 3*n = 15. Suppose n*r - 42 = 8. Let a = -3 + r. What are the prime factors of a?
7
Suppose -m = 4*s + 51, -77 = 2*m - 0*s + 3*s. Let d = m + 41. List the prime factors of d.
2, 5
Let j be (-4)/8*-6 - 15. Let g(t) = -4*t - 26. List the prime factors of g(j).
2, 11
Suppose -2*p + 14 = -52. Let l(r) = -10*r - 4. Let w be l(3). What are the prime factors of 11/p + w/(-6)?
2, 3
Let j(v) be the first derivative of 1/3*v**3 - 7/2*v**2 - 14 - 4*v. What are the prime factors of j(8)?
2
Let h(o) = -o**2 - 8*o - 9. Let q be h(-9). Let r = -8 - q. What are the prime factors of r?
2, 5
Suppose -30*i + 27*i + 918 = 0. What are the prime factors of i?
2, 3, 17
Let x = -8 - -12. Suppose 1 = -x*v + 8*v - 3*f, -f = -4*v - 5. List the prime factors of (-10 + 18)*(-1)/v.
2
Suppose -4*q = -3*d + 454, 0 = -5*q - 9*d + 4*d - 550. What are the prime factors of 9/6*q/(-21)?
2
Let c(p) = 483*p - 52. What are the prime factors of c(5)?
17, 139
Suppose -2*l = -4, 7*o - 4*o - 1571 = -l. List the prime factors of o.
523
What are the prime factors of 25/15 - 15154/(-3)?
31, 163
Suppose 0 = -5*x + 179 + 521. Let s = -1065 - -999. Let v = s + x. What are the prime factors of v?
2, 37
Let b(u) = -2*u**3 - 2*u - 1. Let t be b(-1). Suppose 0 = 3*g - 2*g + t*x - 43, 2*g = -2*x + 78. List the prime factors of g.
37
Let d(r) = -r**2 - 18*r + 21. Suppose 0 = 2*t - 6*t - 20. Let c(m) = -m**2 - 19*m + 22. Let w(u) = t*c(u) + 6*d(u). List the prime factors of w(-12).
2, 7
Let s(n) = 3*n - 5. Let i be s(7). Suppose 3*v - x = i, 4*v - 2*v - 3*x - 13 = 0. Suppose -2*k + v*d = 13, k - 5*d + 6 = -13. What are the prime factors of k?
2, 3
Let v = -647 - -1065. List the prime factors of v.
2, 11, 19
List the prime factors of 614 + ((-10)/(-15)*-6 - -3).
613
Let g = -336 + 708. What are the prime factors of g?
2, 3, 31
Let r(v) = -3*v - 4. Let f be r(-2). Suppose 0*p + 101 = f*a + p, 2*a = -4*p + 86. What are the prime factors of a?
53
Suppose 0 = 3*z + 4*z - 6335. What are the prime factors of z?
5, 181
Let w(o) = o**3 - 14*o**2 + 12*o + 13. Let h be w(13). Suppose 4*b + h = 16. List the prime factors of b.
2
Suppose -2*k = 2, -4*q + 9*q + 5*k - 510 = 0. Suppose -o - 2*c + q = 0, 3*o - 415 = c - 106. What are the prime factors of o?
103
Suppose 810*o - 815*o + 5370 = 0. What are the prime factors of o?
2, 3, 179
Let d be 22 + (1 - (1 - 1)). Let j(h) = -h**3 + 17*h**2 - 18*h + 23. Let n be j(16). Let k = n + d. What are the prime factors of k?
2, 7
Suppose -3*b - 4*o + 16 = 0, 4*o = -2 + 6. Suppose b*f - 6*f = -144. What are the prime factors of f?
2, 3
Let h be (18/(-24))/((-1)/(-28)). Let q = -9 - h. What are the prime factors of q/30 - (-96)/10?
2, 5
Suppose 55*i - 1088 = 51*i. What are the prime factors of i?
2, 17
Let x(g) = 6*g - 7. Suppose -4*a + 43 = 4*o - o, 4*a + 4*o = 48. What are the prime factors of x(a)?
5, 7
What are the prime factors of -4 + 2 + 1 + 1*121?
2, 3, 5
List the prime factors of (0 - 4/(-18)) + 113238/2187.
2, 13
Suppose -4*j = -c - 4 - 11, -3*j = 5*c - 40. Let f = 22 - 20. Let a = j + f. List the prime factors of a.
7
Let f = 75 - 15. Let i = f - -88. List the prime factors of i.
2, 37
Let w = -906 + 1749. List the prime factors of w.
3, 281
Let g(y) = 3*y + 2. Let s(m) = -3*m - 3. Let r(u) = 3*g(u) + 4*s(u). Let h(l) = -3*l - 5. Let w(i) = -7*h(i) + 6*r(i). List the prime factors of w(5).
2, 7
Let u = -26 - -36. Let y be ((-124)/u)/((-16)/(-160)). List the prime factors of y/(-8) - 3/6.
3, 5
Let n(a) = -11*a + 7. Let o be n(-3). Suppose 15 + 8 = i + 4*l, o = 2*i + 2*l. What are the prime factors of i?
19
Suppose 54*w = 45*w + 3879. List the prime factors of w.
431
Let j = -274 - -701. List the prime factors of j.
7, 61
Let h(j) = 24*j - 2. Suppose 4*w - 1 + 5 = 0. Let f be h(w). What are the prime factors of -30*(3 + f/6)?
2, 5
Suppose -6714 = -620*g + 614*g. List the prime factors of g.
3, 373
Let s(z) = 11*z**2 + 38*z - 26. What are the prime factors of s(11)?
1723
Let a(u) be the second derivative of -11*u**3/2 - 10*u**2 + 18*u. What are the prime factors of a(-5)?
5, 29
Suppose -6*g + 12 = -3*g. Suppose 0 = 5*o + p + 1 - 27, 4*o - g*p = 16. Suppose -o = -2*a + 11. What are the prime factors of a?
2
Let n = -6 + 11. Suppose -n*x = -x. Suppose -3*q - 47 = -4*d, x*d - 5*q = d - 29. List the prime factors of d.
2, 7
What are the prime factors of -3 + (-2 + 6)/(8/1244)?
619
Let l = 15978 - 10436. List the prime factors of l.
2, 17, 163
Suppose -6*t + 3032 = 2*p - 5*t, 3*p - t = 4543. List the prime factors of p.
3, 5, 101
What are the prime factors of (-129)/301 + (-35804)/(-14)?
2557
Suppose g = -5*y + 56 + 336, g = 4*y + 401. What are the prime factors of g?
397
Suppose 5*g + w = 4, -3*g - 8 = -8*w + 6*w. List the prime factors of 1/((-4)/(-73))*(16 + g).
2, 73
Let t(j) = 0 - j - j - 5. Let x be (-242)/34 + 264/(-68) + 4. List the prime factors of t(x).
3
Suppose 0 = 4*q + 4*x - 109 - 107, -x - 56 = -q. Suppose 4*u - q = -u. Let t(v) = v**2 - 9*v + 11. List the prime factors of t(u).
3, 11
List the prime factors of ((-59864)/(-42))/((-1)/(-3)).
2, 1069
Let c be (-3 - (-3 - -4)) + 9. Suppose -n + c*w + 27 = 0, 0 = n + 2*w - 4*w - 33. List the prime factors of n.
37
Let z be 6 + 19 + (-1 - 0). Let r = -4 + z. What are the prime factors of r?
2, 5
Let n be 0 + 3/1 + (-2)/(-1). Suppose 0 = a - 23 + n. List the prime factors of a.
2, 3
Let h be -2*-1*(-20)/(-8). Suppose 5 - 18 = -3*b - m, -3*b = h*m - 29. Suppose -u + s = -46, -b*s + 132 = 2*u + u. List the prime factors of u.
3, 5
Suppose 3*f = -11*f + 70. What are the prime factors of f?
5
Let h(x) = -12*x + 2. Let l be 24/(-10)*(-50)/20. Let q be (l - 7) + (0 - 1). What are the prime factors of h(q)?
2, 13
Suppose -z - 14 = -3*k, -3*k = 2*z - 5*z - 24. Suppose i + 2*g = 94, -390 = -5*i + k*g + 28. List the prime factors of i.
2, 43
Let u(f) = 3*f - 43. Let i be u(14). Suppose 0 = j + 3*y - 0*y - 7, 0 = 4*j - 2*y. List the prime factors of 0 - i/(j/33).
3, 11
Suppose 0 = -b - 31 + 33. Suppose -2*y + 2*v + 306 = -0*y, 0 = -b*y - 2*v + 318. List the prime factors of y.
2, 3, 13
Suppose 0 = 3*y + y + 48. Let n = -11 - y. List the prime factors of n/4 + (-44)/(-16).
3
Let m(o) = -4*o**2 + o - 1. Let s(u) = -u**2 - 4*u + 3. Let q be s(-5). Let h be m(q). List the prime factors of 11/(-22)*(h + -1).
2, 5
Suppose 3*h - 12 = 0, -4*h + 48 = -5*m - 2*h. Let p be 100/(-15)*6/m. Suppose 0 = p*b - 5*c - 80, -1 - 5 = 3*c. What are the prime factors of b?
2, 7
Let j be -15*(1 - (-1 - (-28)/12)). Suppose -g - 2 = 5*p, 4*g - 5*p - 97 = -j. List the prime factors of g.
2, 3
Let k(x) = 5*x + 1 - 2*x + 13*x**2 + 0*x + 22*x**2. What are the prime factors of k(2)?
3, 7
Let v(d) = d**2 - 9*d + 8. Let y be v(8). Suppose -5*r - 7*r + 96 = y. List the prime factors of r.
2
Let v(j) = 54*j - 356. List the prime factors of v(25).
2, 7, 71
Let p(n) be the first derivative of -n**4/4 + n**3/3 + 4